5863
List the prime factors of 428737.
41, 10457
What are the prime factors of 104625?
3, 5, 31
What are the prime factors of 8052875?
5, 23, 2801
What are the prime factors of 216881?
7, 30983
List the prime factors of 32625161.
557, 58573
List the prime factors of 932725.
5, 37309
What are the prime factors of 129088?
2, 2017
What are the prime factors of 604914?
2, 3, 41, 2459
What are the prime factors of 3012058?
2, 7, 61, 3527
What are the prime factors of 667179?
3, 74131
What are the prime factors of 7094819?
137, 51787
List the prime factors of 869020.
2, 5, 43451
List the prime factors of 3476986.
2, 1738493
What are the prime factors of 4458508?
2, 97, 11491
List the prime factors of 38273377.
41, 933497
What are the prime factors of 544762?
2, 272381
List the prime factors of 2526662.
2, 1263331
List the prime factors of 542394.
2, 3, 30133
What are the prime factors of 291359?
291359
List the prime factors of 711833.
103, 6911
List the prime factors of 1812384.
2, 3, 7, 29, 31
What are the prime factors of 704097?
3, 78233
List the prime factors of 347726.
2, 37, 127
List the prime factors of 111824.
2, 29, 241
What are the prime factors of 451376?
2, 28211
List the prime factors of 9949600.
2, 5, 12437
List the prime factors of 7299820.
2, 5, 11, 33181
List the prime factors of 3882626.
2, 11, 31, 5693
What are the prime factors of 3135329?
3135329
List the prime factors of 29763.
3, 3307
What are the prime factors of 7773335?
5, 17, 109, 839
List the prime factors of 609976.
2, 19, 4013
List the prime factors of 1353549.
3, 451183
What are the prime factors of 431273?
17, 23, 1103
List the prime factors of 28289107.
7, 11, 367391
List the prime factors of 312053.
7, 44579
List the prime factors of 1449871.
19, 137, 557
List the prime factors of 3932568.
2, 3, 193, 283
List the prime factors of 2267533.
2267533
What are the prime factors of 6125346?
2, 3, 340297
List the prime factors of 425734.
2, 212867
List the prime factors of 207174.
2, 3, 11, 43, 73
What are the prime factors of 1832648?
2, 229081
What are the prime factors of 24445?
5, 4889
What are the prime factors of 586837?
586837
List the prime factors of 93234.
2, 3, 41, 379
What are the prime factors of 9155184?
2, 3, 29, 6577
What are the prime factors of 6751178?
2, 7, 482227
List the prime factors of 547229.
547229
List the prime factors of 563273.
59, 9547
List the prime factors of 10062320.
2, 5, 73, 1723
What are the prime factors of 2435564?
2, 41, 14851
What are the prime factors of 967240?
2, 5, 24181
List the prime factors of 277861.
139, 1999
List the prime factors of 23207.
23, 1009
List the prime factors of 645705.
3, 5, 4783
List the prime factors of 15160786.
2, 73, 103841
List the prime factors of 4416320.
2, 5, 37, 373
List the prime factors of 597510.
2, 3, 5, 2213
What are the prime factors of 428618?
2, 214309
What are the prime factors of 7709203?
283, 27241
List the prime factors of 210004.
2, 52501
List the prime factors of 4366765.
5, 13, 67181
List the prime factors of 1170817.
29, 47, 859
List the prime factors of 1716579.
3, 63577
What are the prime factors of 293377?
7, 41911
What are the prime factors of 896538?
2, 3, 149423
What are the prime factors of 6601945?
5, 7, 53, 3559
What are the prime factors of 1645955?
5, 329191
What are the prime factors of 3454111?
17, 203183
List the prime factors of 85628.
2, 21407
What are the prime factors of 12440146?
2, 6220073
List the prime factors of 1738369.
17, 293, 349
What are the prime factors of 1973348?
2, 13, 137, 277
What are the prime factors of 1384902?
2, 3, 47, 1637
List the prime factors of 1286046.
2, 3, 37, 1931
What are the prime factors of 1127538?
2, 3, 37, 1693
What are the prime factors of 769188?
2, 3, 7, 9157
List the prime factors of 17549868.
2, 3, 7, 208927
List the prime factors of 2215756.
2, 31, 107, 167
List the prime factors of 1236450.
2, 3, 5, 8243
List the prime factors of 437459.
11, 39769
List the prime factors of 1093462.
2, 546731
List the prime factors of 396566.
2, 23, 37, 233
What are the prime factors of 15166?
2, 7583
List the prime factors of 2670506.
2, 107, 12479
List the prime factors of 8545484.
2, 2136371
What are the prime factors of 329366?
2, 164683
What are the prime factors of 1814150?
2, 5, 13, 2791
What are the prime factors of 2318025?
3, 5, 31, 997
What are the prime factors of 454703?
137, 3319
What are the prime factors of 1462561?
17, 227, 379
List the prime factors of 1016143.
1016143
List the prime factors of 270019.
29, 9311
List the prime factors of 311041.
311041
What are the prime factors of 1184?
2, 37
What are the prime factors of 23158516?
2, 23, 211, 1193
List the prime factors of 1484251.
67, 22153
List the prime factors of 11585649.
3, 19, 439, 463
List the prime factors of 10761474.
2, 3, 1793579
List the prime factors of 173183.
173183
What are the prime factors of 76689?
3, 8521
List the prime factors of 3975540.
2, 3, 5, 173, 383
List the prime factors of 1533684.
2, 3, 127807
What are the prime factors of 105948?
2, 3, 109
List the prime factors of 5893371.
3, 11, 19843
List the prime factors of 198426.
2, 3, 33071
List the prime factors of 7321659.
3, 23, 29, 3659
List the prime factors of 21235245.
3, 5, 53, 26711
List the prime factors of 21443403.
3, 7147801
What are the prime factors of 94185?
3, 5, 7, 13, 23
What are the prime factors of 2430500?
2, 5, 4861
What are the prime factors of 2648033?
2648033
List the prime factors of 204835.
5, 71, 577
List the prime factors of 3862233.
3, 429137
What are the prime factors of 2938223?
2938223
What are the prime factors of 38252?
2, 73, 131
What are the prime factors of 716425?
5, 28657
What are the prime factors of 8037870?
2, 3, 5, 267929
List the prime factors of 818330.
2, 5, 19, 59, 73
What are the prime factors of 873789?
3, 7, 41609
List the prime factors of 115009.
47, 2447
List the prime factors of 7542124.
2, 137, 13763
What are the prime factors of 9524870?
2, 5, 952487
List the prime factors of 591441.
3, 197147
What are the prime factors of 2453045?
5, 7, 109, 643
List the prime factors of 2629581.
3, 19, 46133
What are the prime factors of 151940?
2, 5, 71, 107
List the prime factors of 153193.
307, 499
What are the prime factors of 2959018?
2, 113, 13093
List the prime factors of 1626114.
2, 3, 7, 5531
List the prime factors of 923078.
2, 13, 2731
What are the prime factors of 188066?
2, 94033
What are the prime factors of 1866554?
2, 53, 17609
What are the prime factors of 6550586?
2, 7, 467899
What are the prime factors of 1709605?
5, 17, 20113
List the prime factors of 2012205.
3, 5, 13, 17, 607
What are the prime factors of 2292055?
5, 557, 823
List the prime factors of 841725.
3, 5, 29, 43
What are the prime factors of 82450?
2, 5, 17, 97
What are the prime factors of 7087561?
13, 31, 43, 409
What are the prime factors of 744880?
2, 5, 9311
What are the prime factors of 2409529?
17, 41, 3457
List the prime factors of 4994334.
2, 3, 37, 7499
List the prime factors of 628813.
17, 47, 787
List the prime factors of 526904.
2, 7, 97
What are the prime factors of 8540289?
3, 67, 4721
List the prime factors of 1537282.
2, 768641
What are the prime factors of 2688278?
2, 17, 4651
What are the prime factors of 393250?
2, 5, 11, 13
List the prime factors of 480200.
2, 5, 7
List the prime factors of 653003.
13, 50231
List the prime factors of 16823325.
3, 5, 41, 5471
What are the prime factors of 140177?
140177
List the prime factors of 167684.
2, 11, 37, 103
What are the prime factors of 1613051?
11, 13331
List the prime factors of 1358535.
3, 5, 41, 47
List the prime factors of 546046.
2, 37, 47, 157
List the prime factors of 6751851.
3, 307, 7331
What are the prime factors of 2718231?
3, 97, 9341
List the prime factors of 324112.
2, 47, 431
List the prime factors of 19533445.
5, 1823, 2143
List the prime factors of 68413.
37, 43
List the prime factors of 5248213.
727, 7219
List the prime factors of 12068810.
2, 5, 13, 17, 43, 127
What are the prime factors of 832838?
2, 416419
List the prime factors of 26681852.
2, 19, 351077
List the prime factors of 17598411.
3, 651793
What are the prime factors of 59923?
31, 1933
What are the prime factors of 731084?